{"version":"1.0","provider_name":"SiegfriedHagl.com","provider_url":"https:\/\/www.siegfriedhagl.com\/fr","author_name":"siegfriedhagl","author_url":"https:\/\/www.siegfriedhagl.com\/fr\/author\/siegfriedhagl\/","title":"Der gewaltt\u00e4tige Mensch - \"Opfer\" seiner Entwicklung? &#8211; SiegfriedHagl.com","type":"rich","width":600,"height":338,"html":"<blockquote class=\"wp-embedded-content\" data-secret=\"qaJ6S8tsK0\"><a href=\"https:\/\/www.siegfriedhagl.com\/fr\/recit\/lhomme-violent-victime-de-son-developpement\/\">La personne violente \u2013 \u00ab victime \u00bb de son d\u00e9veloppement ?<\/a><\/blockquote><iframe sandbox=\"allow-scripts\" security=\"restricted\" src=\"https:\/\/www.siegfriedhagl.com\/fr\/recit\/lhomme-violent-victime-de-son-developpement\/embed\/#?secret=qaJ6S8tsK0\" width=\"600\" height=\"338\" title=\"&quot; L&#039;homme violent - &quot;victime&quot; de son d\u00e9veloppement ? &quot; - SiegfriedHagl.com\" data-secret=\"qaJ6S8tsK0\" frameborder=\"0\" marginwidth=\"0\" marginheight=\"0\" scrolling=\"no\" class=\"wp-embedded-content\"><\/iframe><script>\n\/*! This file is auto-generated *\/\n!function(d,l){\"use strict\";l.querySelector&&d.addEventListener&&\"undefined\"!=typeof URL&&(d.wp=d.wp||{},d.wp.receiveEmbedMessage||(d.wp.receiveEmbedMessage=function(e){var t=e.data;if((t||t.secret||t.message||t.value)&&!\/[^a-zA-Z0-9]\/.test(t.secret)){for(var s,r,n,a=l.querySelectorAll('iframe[data-secret=\"'+t.secret+'\"]'),o=l.querySelectorAll('blockquote[data-secret=\"'+t.secret+'\"]'),c=new RegExp(\"^https?:$\",\"i\"),i=0;i<o.length;i++)o[i].style.display=\"none\";for(i=0;i<a.length;i++)s=a[i],e.source===s.contentWindow&&(s.removeAttribute(\"style\"),\"height\"===t.message?(1e3<(r=parseInt(t.value,10))?r=1e3:~~r<200&&(r=200),s.height=r):\"link\"===t.message&&(r=new URL(s.getAttribute(\"src\")),n=new URL(t.value),c.test(n.protocol))&&n.host===r.host&&l.activeElement===s&&(d.top.location.href=t.value))}},d.addEventListener(\"message\",d.wp.receiveEmbedMessage,!1),l.addEventListener(\"DOMContentLoaded\",function(){for(var e,t,s=l.querySelectorAll(\"iframe.wp-embedded-content\"),r=0;r<s.length;r++)(t=(e=s[r]).getAttribute(\"data-secret\"))||(t=Math.random().toString(36).substring(2,12),e.src+=\"#?secret=\"+t,e.setAttribute(\"data-secret\",t)),e.contentWindow.postMessage({message:\"ready\",secret:t},\"*\")},!1)))}(window,document);\n\/\/# sourceURL=https:\/\/www.siegfriedhagl.com\/wp-includes\/js\/wp-embed.min.js\n<\/script>","description":"(Ver\u00f6ffentlicht&nbsp; in GralsWelt 67\/2011) Angesichts von Gewalttaten wie jener in Norwegen im Juli 2011 stellt sich die grundlegende Frage, weshalb der Mensch zu B\u00f6sem f\u00e4hig ist. Anthropologen meinen, Gewaltt\u00e4tigkeit und andere \u00dcbel w\u00e4ren zwangsl\u00e4ufige Folgen unserer Entwicklungsgeschichte. Stimmt das?&nbsp; Wie kam das B\u00f6se in die Welt? Viele Traditionen berichten von einem weit zur\u00fcckliegenden \u201eGoldenen Zeitalter\u201c, [&hellip;]"}

Der gewalttätige Mensch - "Opfer" seiner Entwicklung? &#8211; SiegfriedHagl.com

<blockquote class="wp-embedded-content" data-secret="qaJ6S8tsK0"><a href="https://www.siegfriedhagl.com/fr/recit/lhomme-violent-victime-de-son-developpement/">La personne violente – « victime » de son développement ?</a></blockquote><iframe sandbox="allow-scripts" security="restricted" src="https://www.siegfriedhagl.com/fr/recit/lhomme-violent-victime-de-son-developpement/embed/#?secret=qaJ6S8tsK0" width="600" height="338" title="&quot; L&#039;homme violent - &quot;victime&quot; de son développement ? &quot; - SiegfriedHagl.com" data-secret="qaJ6S8tsK0" frameborder="0" marginwidth="0" marginheight="0" scrolling="no" class="wp-embedded-content"></iframe><script>
/*! This file is auto-generated */
!function(d,l){"use strict";l.querySelector&&d.addEventListener&&"undefined"!=typeof URL&&(d.wp=d.wp||{},d.wp.receiveEmbedMessage||(d.wp.receiveEmbedMessage=function(e){var t=e.data;if((t||t.secret||t.message||t.value)&&!/[^a-zA-Z0-9]/.test(t.secret)){for(var s,r,n,a=l.querySelectorAll('iframe[data-secret="'+t.secret+'"]'),o=l.querySelectorAll('blockquote[data-secret="'+t.secret+'"]'),c=new RegExp("^https?:$","i"),i=0;i<o.length;i++)o[i].style.display="none";for(i=0;i<a.length;i++)s=a[i],e.source===s.contentWindow&&(s.removeAttribute("style"),"height"===t.message?(1e3<(r=parseInt(t.value,10))?r=1e3:~~r<200&&(r=200),s.height=r):"link"===t.message&&(r=new URL(s.getAttribute("src")),n=new URL(t.value),c.test(n.protocol))&&n.host===r.host&&l.activeElement===s&&(d.top.location.href=t.value))}},d.addEventListener("message",d.wp.receiveEmbedMessage,!1),l.addEventListener("DOMContentLoaded",function(){for(var e,t,s=l.querySelectorAll("iframe.wp-embedded-content"),r=0;r<s.length;r++)(t=(e=s[r]).getAttribute("data-secret"))||(t=Math.random().toString(36).substring(2,12),e.src+="#?secret="+t,e.setAttribute("data-secret",t)),e.contentWindow.postMessage({message:"ready",secret:t},"*")},!1)))}(window,document);
//# sourceURL=https://www.siegfriedhagl.com/wp-includes/js/wp-embed.min.js
</script>

(Veröffentlicht&nbsp; in GralsWelt 67/2011) Angesichts von Gewalttaten wie jener in Norwegen im Juli 2011 stellt sich die grundlegende Frage, weshalb der Mensch zu Bösem fähig ist. Anthropologen meinen, Gewalttätigkeit und andere Übel wären zwangsläufige Folgen unserer Entwicklungsgeschichte. Stimmt das?&nbsp; Wie kam das Böse in die Welt? Viele Traditionen berichten von einem weit zurückliegenden „Goldenen Zeitalter“, [&hellip;]
