{"version":"1.0","provider_name":"SiegfriedHagl.com","provider_url":"https:\/\/www.siegfriedhagl.com\/fr","author_name":"siegfriedhagl","author_url":"https:\/\/www.siegfriedhagl.com\/fr\/author\/siegfriedhagl\/","title":"Vom Land der Morgenstille &#8211; SiegfriedHagl.com","type":"rich","width":600,"height":338,"html":"<blockquote class=\"wp-embedded-content\" data-secret=\"nQsjFbjBOE\"><a href=\"https:\/\/www.siegfriedhagl.com\/fr\/recit\/du-pays-du-matin-calme\/\">Du pays du matin calme<\/a><\/blockquote><iframe sandbox=\"allow-scripts\" security=\"restricted\" src=\"https:\/\/www.siegfriedhagl.com\/fr\/recit\/du-pays-du-matin-calme\/embed\/#?secret=nQsjFbjBOE\" width=\"600\" height=\"338\" title=\"&quot; Du pays du matin calme &quot; - SiegfriedHagl.com\" data-secret=\"nQsjFbjBOE\" frameborder=\"0\" marginwidth=\"0\" marginheight=\"0\" scrolling=\"no\" class=\"wp-embedded-content\"><\/iframe><script>\n\/*! This file is auto-generated *\/\n!function(d,l){\"use strict\";l.querySelector&&d.addEventListener&&\"undefined\"!=typeof URL&&(d.wp=d.wp||{},d.wp.receiveEmbedMessage||(d.wp.receiveEmbedMessage=function(e){var t=e.data;if((t||t.secret||t.message||t.value)&&!\/[^a-zA-Z0-9]\/.test(t.secret)){for(var s,r,n,a=l.querySelectorAll('iframe[data-secret=\"'+t.secret+'\"]'),o=l.querySelectorAll('blockquote[data-secret=\"'+t.secret+'\"]'),c=new RegExp(\"^https?:$\",\"i\"),i=0;i<o.length;i++)o[i].style.display=\"none\";for(i=0;i<a.length;i++)s=a[i],e.source===s.contentWindow&&(s.removeAttribute(\"style\"),\"height\"===t.message?(1e3<(r=parseInt(t.value,10))?r=1e3:~~r<200&&(r=200),s.height=r):\"link\"===t.message&&(r=new URL(s.getAttribute(\"src\")),n=new URL(t.value),c.test(n.protocol))&&n.host===r.host&&l.activeElement===s&&(d.top.location.href=t.value))}},d.addEventListener(\"message\",d.wp.receiveEmbedMessage,!1),l.addEventListener(\"DOMContentLoaded\",function(){for(var e,t,s=l.querySelectorAll(\"iframe.wp-embedded-content\"),r=0;r<s.length;r++)(t=(e=s[r]).getAttribute(\"data-secret\"))||(t=Math.random().toString(36).substring(2,12),e.src+=\"#?secret=\"+t,e.setAttribute(\"data-secret\",t)),e.contentWindow.postMessage({message:\"ready\",secret:t},\"*\")},!1)))}(window,document);\n\/\/# sourceURL=https:\/\/www.siegfriedhagl.com\/wp-includes\/js\/wp-embed.min.js\n<\/script>","description":"(Ver\u00f6ffentlich in GralsWelt 9\/1998) Korea, das \u201eLand der Morgenstille&#8220;, wird von seinen Bewohnern oft mit Deutschland verglichen. Denn beide L\u00e4nder, waren bzw. sind noch geteilt als Folge des Zweiten Weltkrieges. Diese Teilung des Landes ist f\u00fcr Koreaner um so bedr\u00fcckender, als sie von sich sagen k\u00f6nnen, dass &#8211; zumindest im letzten Jahrtausend &#8211; von koreanischem [&hellip;]"}

(Veröffentlich in GralsWelt 9/1998) Korea, das „Land der Morgenstille&#8220;, wird von seinen Bewohnern oft mit Deutschland verglichen. Denn beide Länder, waren bzw. sind noch geteilt als Folge des Zweiten Weltkrieges. Diese Teilung des Landes ist für Koreaner um so bedrückender, als sie von sich sagen können, dass &#8211; zumindest im letzten Jahrtausend &#8211; von koreanischem [&hellip;]
